3688*h + 19155. What is a(-532)?
3
Let r(k) = 963*k + 65191. Calculate r(-67).
670
Let y(b) = -1419*b + 18636. What is y(13)?
189
Let g(c) = c**3 + 378*c**2 + 746*c - 2364. What is g(-376)?
-108
Let h(r) = 77573*r - 9386325. Give h(121).
8
Let f(h) = h**2 - 10*h - 852. What is f(-24)?
-36
Let f(s) = s**3 + 180*s**2 - 530*s + 37897. Give f(-184).
-7
Let w(h) = -443890*h - 443883. Determine w(-1).
7
Let h(t) = -t**3 - 227*t**2 - 1288*t - 39510. Calculate h(-222).
6
Let c(f) = 15574*f - 124587. What is c(8)?
5
Let m(a) = -a**2 + 40832*a + 1021425. What is m(-25)?
0
Let i(l) = -18*l + 1511. Determine i(75).
161
Let u(s) = 10156*s + 203128. Give u(-20).
8
Let g(p) = -11*p**3 + 390*p**2 + 1580*p + 86. Determine g(-4).
710
Let l(w) = -897672*w + 2693047. Calculate l(3).
31
Let s(m) = 7*m**3 + 38*m**2 - 105*m + 9. What is s(3)?
225
Let o(z) = 40*z**2 + 137*z - 168. What is o(1)?
9
Let z(q) = -q**3 + q**2 + 207*q - 1297. Give z(8).
-89
Let s(l) = l**3 + 39*l**2 + 1130*l + 52930. What is s(-42)?
178
Let o(b) = -19*b**2 + 8004*b - 2119. What is o(421)?
-14
Let a(u) = -85*u**3 + 4083*u**2 - 154*u + 332. Determine a(48).
-148
Let i(m) = 822*m + 27951. Calculate i(-34).
3
Let a(w) = -55*w**2 + 1140*w - 2924. Give a(18).
-224
Let g(s) = 93*s**2 + 86*s - 273. Determine g(3).
822
Let z(o) = -o**2 - 2277*o - 177792. Determine z(-81).
84
Let c(f) = -88823*f - 1509944. What is c(-17)?
47
Let s(t) = 112*t + 4699. Calculate s(-32).
1115
Let p(w) = 3*w**3 - w**2 + 6*w + 13. What is p(-3)?
-95
Let h(k) = -k**3 + 19*k**2 - 17*k - 408. Calculate h(17).
-119
Let c(h) = 2962*h + 35534. Give c(-12).
-10
Let y(n) = -6*n**2 + 280*n + 1387. Give y(-5).
-163
Let r(z) = -1073*z**2 + 15024*z - 19. Determine r(14).
9
Let k(p) = -17308*p + 87462. What is k(5)?
922
Let w(m) = 33*m**2 + 7518*m - 1413. Calculate w(-228).
-45
Let k(q) = 334*q - 21440. What is k(63)?
-398
Let o(u) = -u**2 + 177*u + 1545. Calculate o(-7).
257
Let g(a) = 261*a**2 + 9919*a + 30. Give g(-38).
-8
Let p(j) = j**3 + 12*j**2 + 12601*j + 100804. Give p(-8).
252
Let p(h) = -h**2 + 57*h + 2317. Give p(-25).
267
Let a(n) = 125*n**2 + 1975*n + 7796. Determine a(-8).
-4
Let o(a) = a**3 + 67*a**2 + 59*a - 338. Give o(-66).
124
Let t(g) = 5*g**2 - 79*g + 416. Determine t(6).
122
Let d(v) = -89*v**2 - 729*v + 1471. Calculate d(2).
-343
Let h(z) = -139*z**2 + 41421*z + 92. Determine h(298).
-206
Let d(w) = -5*w**3 + 42*w**2 + 10639*w - 125074. Calculate d(12).
2
Let w(v) = v**3 + 15380*v**2 - 215517*v + 17. Calculate w(14).
3
Let j(t) = 8*t**2 - 1525*t + 954. Determine j(190).
4
Let i(b) = -238*b**2 + 145*b - 422. Determine i(3).
-2129
Let m(d) = d**3 - 158*d**2 + 1481*d + 378. What is m(148)?
526
Let s(c) = 2*c**3 + 329*c**2 + 4489*c + 32. Calculate s(-15).
-28
Let j(b) = -131*b - 5199. Give j(-42).
303
Let r(u) = -1026*u + 22832. Calculate r(21).
1286
Let m(a) = a**3 + 7*a**2 + 130*a - 2318. What is m(9)?
148
Let v(d) = -31*d**2 - 546*d + 90. Calculate v(-18).
-126
Let r(l) = -4868*l - 48711. Determine r(-10).
-31
Let g(p) = 1070*p - 497882. Determine g(465).
-332
Let g(q) = 3*q**3 - 10*q**2 - 32*q + 1113. Determine g(-7).
-182
Let z(a) = -74*a**2 + 155*a - 84. Give z(1).
-3
Let s(r) = -r**2 + 134*r - 2442. Determine s(84).
1758
Let x(c) = -153747*c - 11069799. Calculate x(-72).
-15
Let w(v) = -2*v**3 - 355*v**2 + 6349*v + 1098437. Determine w(-178).
-1
Let d(l) = -l**3 - 145*l + 447. Determine d(3).
-15
Let s(o) = 2*o**2 - 174*o - 24792. Calculate s(-76).
-16
Let n(p) = 601*p - 17384. What is n(29)?
45
Let s(i) = -i**2 + 186*i + 163. Calculate s(164).
3771
Let d(m) = -10*m**3 + 350*m**2 - 8*m - 112. Calculate d(35).
-392
Let m(a) = 3*a**3 - 105*a**2 - 340*a - 95. What is m(38)?
-19
Let b(d) = -761*d**2 + 1405*d - 1405. Give b(1).
-761
Let l(w) = -216*w**3 - 2*w**2 - 9*w - 6. Determine l(-1).
217
Let d(v) = -4589*v + 41179. What is d(9)?
-122
Let d(o) = 3*o**3 - 262*o**2 - 4832*o - 848. What is d(103)?
79
Let v(c) = 3*c**2 - 48*c - 12097. Give v(-56).
-1
Let f(a) = 2129*a + 40437. Determine f(-19).
-14
Let o(d) = 8*d**2 + 619*d - 22155. Calculate o(-104).
-3
Let y(u) = -223625*u + 223645. Determine y(1).
20
Let l(o) = -19*o**3 - 200*o**2 + 72*o - 16. Calculate l(-10).
-1736
Let w(n) = -20*n**2 + 628*n + 3605. Give w(36).
293
Let t(h) = -3*h**3 - 650*h**2 + 842*h + 481. Determine t(-218).
7021
Let k(r) = -2*r**3 - 80*r**2 + 5928*r - 14. Determine k(-78).
-14
Let f(w) = 2*w**3 + 10*w**2 + 2*w - 71. Calculate f(-4).
-47
Let u(o) = 9*o**2 + 227*o + 76. Calculate u(0).
76
Let c(q) = -3621*q - 58135. Give c(-16).
-199
Let g(l) = -25*l**2 - 6581*l - 675. Calculate g(-263).
903
Let a(d) = 6*d**2 + 536196*d + 1072382. Determine a(-2).
14
Let z(f) = -3370*f**3 + 5*f**2 - 35*f + 36. Determine z(1).
-3364
Let k(f) = 344*f**2 + 1435*f + 220. Calculate k(-4).
-16
Let f(c) = -13698*c - 11154. Determine f(-1).
2544
Let o(l) = 2*l**3 - 56*l**2 + 11*l + 1177. Determine o(27).
16
Let g(a) = -49*a**2 - 955*a - 3789. Calculate g(-4).
-753
Let f(b) = -11*b**3 - 200*b**2 - 26*b + 180. Determine f(-18).
0
Let z(k) = 21*k + 1580. What is z(-74)?
26
Let n(x) = -4*x**2 + 72*x + 582. Give n(-12).
-858
Let o(c) = -c**3 + 35*c**2 - 770*c + 13953. Give o(26).
17
Let v(i) = 2*i**3 - 27*i**2 + 63*i - 1391. What is v(15)?
229
Let h(l) = -52*l**2 - 389*l - 1914. Calculate h(-5).
-1269
Let i(j) = j**3 + 267*j**2 - 33*j - 8866. Give i(-267).
-55
Let p(s) = 6467*s + 336280. Determine p(-52).
-4
Let g(p) = -16*p**3 + 345*p**2 + 1373*p + 52. What is g(25)?
2
Let u(l) = 6*l**2 - 10156*l - 71035. Calculate u(-7).
351
Let s(v) = 3*v**2 + 32*v - 117. Give s(-37).
2806
Let w(l) = 4291*l**2 - 21461*l + 12. Calculate w(5).
-18
Let i(w) = -w**3 + 55*w**2 + 109*w - 31237. Calculate i(-21).
-10
Let t(b) = -18451*b + 461264. Determine t(25).
-11
Let w(n) = -n**2 - 5653*n - 67764. What is w(-12)?
-72
Let g(z) = -2*z**2 + 9261*z + 629499. What is g(-67)?
34
Let z(l) = l**3 + 28*l**2 - 96*l + 1018. Give z(-32).
-6
Let k(n) = n**3 - 43*n**2 + 555*n - 2632. Determine k(25).
-7
Let w(r) = 4*r**3 + 500*r**2 - 22*r - 1802. Determine w(-125).
948
Let m(j) = -50*j**2 - 206*j - 869. What is m(-4)?
-845
Let z(o) = -10*o**2 - 247*o + 738. Give z(3).
-93
Let r(v) = 706*v - 13310. Give r(18).
-602
Let i(d) = 2*d**3 + 189*d**2 + 965*d - 216. Calculate i(-89).
1030
Let p(n) = 1009634*n - 2019261. Determine p(2).
7
Let o(z) = -570*z + 52661. What is o(97)?
-2629
Let s(c) = c**3 - c**2 + 582*c - 50. Give s(0).
-50
Let r(k) = -k**3 + 460*k**2 - 1739*k - 38776. Determine r(456).
-16
Let m(a) = 74*a**2 - 3074*a - 1456. Determine m(42).
-28
Let d(v) = 11*v**3 + 5241*v**2 - 2858*v + 1991. Determine d(-477).
83
Let s(i) = -i**3 + 45*i**2 + 10205*i + 120. What is s(126)?
-6
Let z(f) = -2*f**3 + 125*f**2 + 74*f - 9. Give z(63).
684
Let i(l) = -8448*l - 67377. What is i(-8)?
207
Let q(p) = 6*p**2 + 801*p - 31792. Determine q(32).
-16
Let v(x) = -91929*x + 3401393. Give v(37).
20
Let v(c) = -20*c**2 - 6094*c - 10336. Calculate v(-303).
-34
Let c(o) = 3380*o**2 + 25*o - 1. Give c(1).
3404
Let i(f) = 2*f**2 + 1250*f + 34567. What is i(-596)?
-1
Let s(d) = -d**3 - 18*d**2 - 146*d - 578. Calculate s(-9).
7
Let n(c) = 1559*c - 80. Give n(0).
-80
Let o(r) = -r**3 + 674*r**2 - 726*r + 35671. Determine o(673).
2
Let j(f) = -f**3 + 7*f**2 - 296*f + 7031. Give j(16).
-9
Let h(q) = -q**3 + 1349*q**2 + 129512*q + 1. Determine h(-90).
-179
Let z(x) = -248*x - 6235. Calculate z(-30).
1205
Let u(o) = -1146*o + 95039. Calculate u(83).
-79
Let c(k) = 105*k**2 + 3538*k - 47. What is c(-35)?
4748
Let p(k) = k**2 + 657801*k + 4604539. What is p(-7)?
-19
Let z(v) = 28*v**3 - 2942*v**2 + 179*v + 3400. What is z(105)?
145
Let i(g) = -15*g - 704. What is i(-46)?
-14
Let f(h) = -h**3 + 12*h**2 - 3492*h + 41589. Give f(12).
-315
Let g(z) = -538*z**2 - 5972*z - 290. Calculate g(-11).
304
Let c(v) = 26922*v - 942405. What is c(35)?
-135
Let k(l) = -4*l**2 - 390*l - 302. What is k(-93)?
1372
Let b(h) = -h**3 + 22*h**2 + 46*h - 169. What is b(24)?
-217
Let a(x) = -54415*x + 217653. Give a(4).
-7
Let q(z) = z**3 - 500*z**2 - 31139*z + 1682. Determine q(556).
14
Let t(s) = -s**3 + 35*s**2 - 190*s + 43. Calculate t(8).
251
Let o(w) = 22*w**2 + 1098*w - 7510. What is o(-56)?
-6
Let h(v) = 3*v**3 - v**2 + 44*v - 74. Give h(7